ase 12) to base 13
-2b
What is -1 (base 14) in base 6?
-1
Convert 1 (base 3) to base 15.
1
Convert -120 (base 5) to base 10.
-35
Convert 21 (base 3) to base 9.
7
What is -1210 (base 3) in base 15?
-33
What is 37 (base 13) in base 8?
56
Convert -1011 (base 2) to base 13.
-b
Convert -74 (base 16) to base 2.
-1110100
1 (base 12) to base 10
1
What is 1 (base 2) in base 8?
1
What is -d (base 16) in base 9?
-14
Convert -4 (base 11) to base 8.
-4
71 (base 10) to base 8
107
What is 38 (base 13) in base 6?
115
What is 0 (base 16) in base 5?
0
-38 (base 11) to base 9
-45
Convert -a1 (base 11) to base 13.
-87
Convert -3 (base 6) to base 2.
-11
5 (base 11) to base 9
5
What is -3 (base 9) in base 15?
-3
Convert -17 (base 10) to base 7.
-23
What is -1 (base 15) in base 13?
-1
What is 20 (base 4) in base 14?
8
What is -3 (base 13) in base 5?
-3
What is -401 (base 7) in base 5?
-1242
Convert 0 (base 2) to base 15.
0
0 (base 9) to base 16
0
Convert -c5 (base 16) to base 12.
-145
-5 (base 12) to base 6
-5
Convert 4 (base 10) to base 5.
4
Convert -1011 (base 3) to base 10.
-31
12 (base 5) to base 7
10
Convert -13 (base 15) to base 5.
-33
Convert -5a (base 12) to base 15.
-4a
Convert c (base 15) to base 5.
22
What is -31 (base 11) in base 14?
-26
Convert -31 (base 16) to base 6.
-121
What is 0 (base 9) in base 10?
0
6 (base 16) to base 6
10
Convert -10 (base 6) to base 8.
-6
Convert -50 (base 10) to base 4.
-302
Convert 7 (base 14) to base 5.
12
What is 14 (base 14) in base 8?
22
Convert 2 (base 12) to base 8.
2
Convert 8 (base 12) to base 8.
10
-1a (base 15) to base 7
-34
-44 (base 5) to base 16
-18
0 (base 11) to base 8
0
Convert 0 (base 3) to base 7.
0
1 (base 12) to base 6
1
Convert 2100 (base 5) to base 4.
10103
Convert -11 (base 4) to base 15.
-5
What is 61 (base 9) in base 16?
37
What is -11 (base 11) in base 6?
-20
20 (base 9) to base 3
200
Convert 1 (base 16) to base 6.
1
Convert 27 (base 11) to base 15.
1e
-a1 (base 16) to base 8
-241
Convert -14 (base 7) to base 2.
-1011
Convert 6 (base 7) to base 12.
6
Convert 133 (base 7) to base 4.
1021
What is 100 (base 3) in base 12?
9
Convert 20 (base 8) to base 3.
121
Convert -12 (base 13) to base 15.
-10
d (base 15) to base 16
d
What is 1 (base 16) in base 8?
1
11b (base 12) to base 4
2213
What is 1 (base 5) in base 10?
1
Convert -47 (base 10) to base 13.
-38
8 (base 15) to base 16
8
Convert 1 (base 3) to base 4.
1
Convert 1 (base 15) to base 9.
1
-1 (base 16) to base 3
-1
What is -220 (base 5) in base 13?
-48
Convert 33 (base 14) to base 3.
1200
What is -34 (base 5) in base 6?
-31
What is -b3 (base 16) in base 6?
-455
Convert 3 (base 11) to base 5.
3
What is 210 (base 4) in base 13?
2a
7 (base 11) to base 16
7
What is -11 (base 6) in base 14?
-7
-128 (base 15) to base 11
-21a
Convert 18 (base 9) to base 16.
11
-2 (base 7) to base 12
-2
Convert 67 (base 15) to base 8.
141
-7 (base 10) to base 12
-7
-11 (base 4) to base 3
-12
Convert 74 (base 16) to base 6.
312
-6 (base 9) to base 2
-110
9b (base 12) to base 2
1110111
Convert 103 (base 8) to base 7.
124
What is -14 (base 10) in base 3?
-112
-1 (base 13) to base 5
-1
1000 (base 4) to base 13
4c
Convert -111 (base 3) to base 15.
-d
Convert -1 (base 13) to base 10.
-1
What is 34 (base 10) in base 5?
114
Convert 432 (base 5) to base 11.
a7
Convert 11 (base 4) to base 8.
5
What is 18 (base 11) in base 8?
23
What is 0 (base 12) in base 8?
0
What is 6 (base 11) in base 9?
6
-25 (base 10) to base 14
-1b
What is -33 (base 7) in base 15?
-19
Convert 0 (base 13) to base 9.
0
Convert 162 (base 9) to base 10.
137
What is -5 (base 9) in base 2?
-101
Convert 25 (base 15) to base 14.
27
Convert -11 (base 2) to base 7.
-3
Convert -20 (base 3) to base 15.
-6
What is -4 (base 10) in base 16?
-4
What is 9 (base 12) in base 7?
12
80 (base 15) to base 8
170
What is -130 (base 4) in base 16?
-1c
0 (base 12) to base 5
0
Convert a (base 13) to base 7.
13
What is -7 (base 9) in base 14?
-7
Convert -101 (base 2) to base 13.
-5
What is 4 (base 10) in base 8?
4
What is -5 (base 11) in base 8?
-5
What is a (base 16) in base 6?
14
Convert 1021 (base 3) to base 10.
34
2 (base 4) to base 15
2
-1221 (base 3) to base 5
-202
Convert 2 (base 7) to base 8.
2
Convert -56 (base 8) to base 3.
-1201
-27 (base 15) to base 6
-101
Convert 44 (base 9) to base 10.
40
What is 49 (base 10) in base 13?
3a
Convert -1 (base 6) to base 9.
-1
Convert -134 (base 5) to base 4.
-230
What is 31 (base 14) in base 11?
3a
Convert -47 (base 13) to base 16.
-3b
62 (base 7) to base 16
2c
-72 (base 9) to base 13
-50
What is -422 (base 7) in base 11?
-183
What is 0 (base 13) in base 14?
0
What is -96 (base 13) in base 16?
-7b
24 (base 13) to base 10
30
Convert 12 (base 3) to base 16.
5
Convert 12 (base 8) to base 3.
101
-13 (base 13) to base 6
-24
What is 6b (base 14) in base 11?
87
Convert 71 (base 16) to base 5.
423
What is 53 (base 6) in base 13?
27
-5 (base 15) to base 7
-5
What is -23 (base 4) in base 9?
-12
Convert -152 (base 6) to base 13.
-53
-12 (base 8) to base 3
-101
What is a (base 13) in base 10?
10
Convert -53 (base 14) to base 12.
-61
Convert 72 (base 9) to base 3.
2102
What is 155 (base 14) in base 5?
2041
What is 62 (base 16) in base 14?
70
What is 11 (base 6) in base 13?
7
What is -10 (base 2) in base 14?
-2
-34 (base 8) to base 6
-44
What is -2 (base 16) in base 11?
-2
Convert 12 (base 4) to base 5.
11
-3 (base 12) to base 7
-3
-42 (base 11) to base 3
-1201
10 (base 3) to base 10
3
Convert 44 (base 6) to base 9.
31
Convert -20 (base 10) to base 11.
-19
-17 (base 12) to base 16
-13
Convert 10 (base 2) to base 6.
2
Convert 0 (base 16) to base 12.
0
What is 3 (base 7) in base 3?
10
-1021 (base 5) to base 4
-2020
-10 (base 9) to base 2
-1001
Convert -33 (base 9) to base 4.
-132
Convert -4 (base 11) to base 10.
-4
Convert -12 (base 8) to base 9.
-11
Convert 9 (base 11) to base 16.
9
What is 3 (base 14) in base 3?
10
What is -100 (base 2) in base 16?
-4
What is 3 (base 13) in base 9?
3
151 (base 15) to base 13
1a2
What is 0 (base 11) in base 12?
0
Convert 2 (base 10) to base 14.
2
6 (base 8) to base 12
6
-4 (base 11) to base 10
-4
Convert 49 (base 12) to base 3.
2010
Convert 1 (base 10) to base 12.
1
Convert -40 (base 10) to base 9.
-44
-2 (base 7) to base 15
-2
What is -10 (base 2) in base 11?
-2
0 (base 3) to base 7
0
124 (base 9) to base 2
1100111
Convert 34 (base 5) to base 8.
23
What is 4 (base 8) in base 2?
100
Convert -18 (base 15) to base 4.
-113
2 (base 12) to base 16
2
11000000 (base 2) to base 13
11a
2 (base 3) to base 7
2
1 (base 10) to base 3
1
What is -54 (base 6) in base 12?
-2a
4 (base 7) to base 9
4
What is 2 (base 12) in base 8?
2
112 (base 6) to base 13
35
Convert 10102 (base 4) to base 2.
100010010
Convert -6 (base 10) to base 9.
-6
11 (base 8) to base 3
100
What is -1 (base 10) in base 4?
-1
10 (base 7) to base 11
7
21 (base 6) to base 10
13
27 (base 9) to base 5
100
Convert 15 (base 7) to base 14.
c
What is 3 (base 14) in base 15?
3
Convert -114 (base 5) to base 16.
-22
Convert -322 (base 4) to base 3.
-2011
Convert -35 (base 6) to base 13.
-1a
b (base 14) to base 9
12
-4 (base 11) to base 10
-4
What is -1 (base 2) in base 6?
-1
What is 10 (base 11) in base 8?
13
Convert -39 (base 10) to base 16.
-27
11 (base 13) to base 16
e
16 (base 14) to base 15
15
What is 4 (base 6) in base 11?
4
Convert -312 (base 4) to base 11.
-4a
-36 (base 7) to base 6
-43
c (base 15) to base 2
1100
What is 3012 (base 5) in base 15?
1a7
150 (base 9) to base 5
1001
1022 (base 3) to base 7
50
What is 100 (base 5) in base 3?
221
What is -4 (base 15) in base 11?
-4
What is 2 (base 15) in base 2?
10
What is -4 (base 6) in base 13?
-4
-7 (base 14) to base 4
-13
What is -3 (base 15) in base 16?
-3
What is ad (base 15) in base 6?
431
Convert 11 (base 15) to base 13.
13
What is 0 (base 10) in base 11?
0
2 (base 4) to base 3
2
What is -166 (base 7) in base 12?
-81
What is 101 (base 4) in base 15?
12
-1 (base 10) to base 13
-1
Convert -2 (base 12) to base 6.
-2
-1 (base 5) to base 11
-1
What is 1 (base 4) in base 6?
1
Convert -24 (base 5) to base 16.
-e
Convert -215 (base 7) to base 3.
-11002
What is -1 (base 15) in base 2?
-1
21 (base 5) to base 13
b
What is -3 (base 5) in base 15?
-3
111111 (base 2) to base 8
77
What is 